der when z(-24) is divided by 18?
6
Let t = 260 + -250. Suppose -1354 = -t*z - 214. What is the remainder when z is divided by 4?
2
Suppose 22363 = -171*g + 380*g. Suppose 4*a - 349 = -129. Calculate the remainder when g is divided by a.
52
Let z = -3161 - -3172. Calculate the remainder when 160 is divided by z.
6
Suppose 3*t - 4849 = -i, -2351 = 4*t - 2*i - 8803. What is the remainder when t is divided by 533?
16
Let g = -271 + 1613. Calculate the remainder when g is divided by 79.
78
Suppose 3*d - 5411 = -4*i, 5*d + 4*i + 3819 = 12840. Calculate the remainder when d is divided by 13.
11
Let h(m) = -m**2 + 22*m - 39. Let u = -159 + 178. Calculate the remainder when 66 is divided by h(u).
12
Let y(z) = 3*z + 48. Let v(r) = r**3 + 2*r**2 - 3*r - 4. Let k be v(-2). Suppose k*j + 23 = 5. Calculate the remainder when 40 is divided by y(j).
19
Let z = -2358 + 2376. What is the remainder when 227 is divided by z?
11
Calculate the remainder when 726 is divided by (-233)/(-18) + (-125)/(-2250).
11
Let d be 80 - (-1 - -4) - (7 + -2). Suppose -5*f = 4*a - 119 - d, f - 47 = -3*a. Calculate the remainder when 205 is divided by f.
30
Let t(x) = 251*x + 9322. What is the remainder when 9691 is divided by t(-37)?
31
Let g = -45 - -65. Calculate the remainder when (12 - (9 - -6))*48/(-9)*6 is divided by g.
16
Let v be (-4)/(-3)*(-189)/(-84). Suppose -118 = -v*p + 2*u, -p = -4*u - u - 48. Let z = p - 15. What is the remainder when 90 is divided by z?
21
Suppose -8*p = 301 - 469. Let n = 32 + -17. Calculate the remainder when (-10)/n*177/(-2) is divided by p.
17
Let v be (-13)/(-39) + (-287)/(-3). Suppose 10*p = 6*p + v. Calculate the remainder when (376/(-10))/(2/(-5)) is divided by p.
22
Suppose -3*n = -3, 3*k + 267 = 8*k - 3*n. Calculate the remainder when 974/18 + -5 - 6/k is divided by 6.
1
Let b = 380 + -384. What is the remainder when 26 is divided by (19/b - -5)*56?
12
Let z(d) = -25*d**2 + 2*d - 4. Let v be z(-2). Let x = v - -172. What is the remainder when x is divided by 33?
31
Let b = 36 + -38. What is the remainder when b/7 - (3020/(-35) + -3) is divided by 30?
29
Suppose -t - 4 = 19. Let y = t - -23. Suppose -w + 3*z + z + 12 = y, 3*w + 3*z = 66. What is the remainder when 57 is divided by w?
17
Let i = 12617 - 12470. Calculate the remainder when i is divided by 52.
43
Suppose -50*d + 10080 = -14*d. Suppose -22*s + 6 + d = 0. Calculate the remainder when 51 is divided by s.
12
Suppose 0 = p - 2*p + 333. What is the remainder when p is divided by (0 + 1 + (-4)/8)*56?
25
Let m = 24687 + -24679. Calculate the remainder when 13853 is divided by m.
5
Let j = 1426 - 1363. Calculate the remainder when j is divided by 12.
3
Let x(r) = -110*r - 1704. What is the remainder when x(-17) is divided by 6?
4
Suppose -2*w - 3*w = -275. Let i(x) = -16*x - 272. Let r be i(-17). Let g = w + r. What is the remainder when g is divided by 8?
7
Suppose -n - 7 = -2*t, -t + 4*n = -0*n - 7. Suppose -t*p - 9163 = 4*p. What is the remainder when 39 is divided by p/(-121) + 2/11?
6
Let u = -648 + 648. Suppose h = 4*f + 183, u = -0*f - 3*f - 12. Calculate the remainder when h is divided by 24.
23
Suppose 0 = -9*s + 26*s - 238. Suppose 490 = 19*v - s*v. What is the remainder when v is divided by 36?
26
Calculate the remainder when 258 is divided by 3816/192 + 7/56.
18
Suppose 66 = 3*k + 4*a - 15, -19*a = -k - 95. What is the remainder when 20 is divided by k?
1
Let b be (-19)/((-513)/18)*(-54)/(-4). Suppose -4*y + b = -43. Calculate the remainder when 38 is divided by y.
12
Suppose -13*x + 12*x + 91 = 0. Let u = -10676 - -10937. What is the remainder when u is divided by x?
79
What is the remainder when (12/(-90)*-39)/((-4)/(-890)) is divided by 83?
78
Let h(l) = l**3 - 2*l**2 + 34. Let i(t) = 2*t + 27. Let d be i(-15). Let x(f) = -4*f + 6. What is the remainder when h(0) is divided by x(d)?
16
Let s(y) = y**2 - 10*y - 10. Let f be s(11). Let z be f*(-2)/2*-84. Let w = 40 + z. Calculate the remainder when w is divided by 21.
19
Suppose 6 = f - 3*b, 8*f - 5*b = 3*f + 20. Suppose -5*t - 23 = -f*o, 6*t = -2*o + t + 32. What is the remainder when 97 is divided by o?
9
Suppose -5*g - p = -6, -5*p + 14 = -g + 10. Calculate the remainder when 21 is divided by g.
0
Suppose 2*c - 16*l + 18*l = 586, 4*c + 5*l = 1172. What is the remainder when c is divided by 77?
62
Suppose u = 4, -5*u - 159 = 4*f - 507. Suppose -3*o = -15, 2*i - f - 64 = -4*o. What is the remainder when 122 is divided by i?
59
Let i = -122 + 100. Calculate the remainder when (-6325)/i - 6*(-1)/(-4) is divided by 16.
14
Suppose 3*a - 9 = 3*p, 32*a = 29*a - 4*p + 51. What is the remainder when 231 is divided by a?
6
Suppose -328*j + 532 = -300*j. Let f(r) = 9*r + 3. Calculate the remainder when f(12) is divided by j.
16
Suppose 2*z - 56 = -112. Calculate the remainder when (-2)/3 - 16*z/6 is divided by 39.
35
What is the remainder when (((-760)/57)/(-20))/(2/2595) is divided by 241?
142
Let p(m) = 265*m**2 + 264*m**2 - 523*m**2 + 1. Let o be ((-2)/4)/(4/(-8)). Calculate the remainder when p(o) is divided by 5.
2
Let s = 2709 + -2697. Calculate the remainder when 3527 is divided by s.
11
Let o = -5 + 8. Let d be 2289/9 + -4*6/(-36). Suppose -8*p = -d + 15. Calculate the remainder when p is divided by o.
0
Let v(s) = -s**2 - 4*s - 15. Let t be v(-12). Let k = t + 155. What is the remainder when 305 is divided by k?
41
Let s be 5/(10/(-4)) - -4. Suppose -s*b - 6 = 0, -2*g - 4*b + 3*b + 13 = 0. Suppose 0 = g*l - 101 - 1907. Calculate the remainder when l is divided by 51.
47
Let p = 178 - 187. Let y(s) = -s + 19. What is the remainder when 64 is divided by y(p)?
8
Suppose -3*u + 27 = -5*q, 2*q + 23 = u + 13. Suppose -u*w = -128 - 500. Calculate the remainder when w is divided by 34.
21
Let o be 15 + (-19)/(-57) + (-26)/6. Suppose o*h = 7*h + 832. What is the remainder when h is divided by 42?
40
Suppose -5*f - 23 = -2*s, -4*s + 53 = -3*f + 14. Let p = 14 - s. Suppose b - 14 = -p. Calculate the remainder when b is divided by 2.
1
Suppose 42 = 4*h + 5*f, -746*h - 30 = -746*h + 3*f. What is the remainder when (0 - -3)/((-3)/(-62)) is divided by h?
16
Let t(n) = 4*n**2 - 8*n - 4. Suppose 4*c - j = 7*c - 49, 4*c + 5*j = 69. Calculate the remainder when t(6) is divided by c.
12
Let z = -55 + 98. Suppose 11*p + z = 241. Suppose p*t = 7*t + 121. Calculate the remainder when 41 is divided by t.
8
Let n(p) = -2*p**3 + 100*p**2 + 102*p + 7. Let q(f) = 2*f**3 + f**2 + 2*f - 2. What is the remainder when q(3) is divided by n(51)?
4
Let l be 10 - (-6)/6*-6. Suppose 3*c = 50 + l. What is the remainder when c is divided by 6?
0
Let o(q) = 100*q - 565. Calculate the remainder when 398 is divided by o(6).
13
Suppose 2*h + 2236 = 7227 + 3021. Calculate the remainder when h is divided by 12.
10
Suppose -n - s - 21 = 0, -4*n + 21*s = 23*s + 90. Calculate the remainder when 27 is divided by (4/n)/(15/(-990)).
5
What is the remainder when 1184 is divided by 52 + -8 + (10 - 10)?
40
Let b = -398 + 374. Calculate the remainder when (-128)/(-2) + (-6 - (b + 13)) is divided by 48.
21
Let v(n) = 11*n + 2. Let k be v(2). Let d be (-106 - -2)*18/k. Calculate the remainder when 63 is divided by (-8)/(-12)*d/(-4).
11
Let a = 761 - 744. Let d(h) = -h**3 - 5*h**2 + 7*h + 7. Let f be d(-9). Suppose f = -0*o + 4*o. Calculate the remainder when o is divided by a.
16
Let x = 3 - 2. Let s be (x*-2)/((-2)/2). What is the remainder when 37 is divided by ((-1)/2)/(s/(-12)) + 7?
7
What is the remainder when (2 + 577)*(-55 - -56) is divided by 83?
81
Let u be (-1 + -19 + 2)*4/(-3). Suppose -u*x + 25*x = 181. Calculate the remainder when x is divided by 1/(-2) + (-123)/(-2).
59
Let f = 75 - 33. Let z = 8 + f. Suppose l + 2*r - 25 = 0, 0 = -l - l + 5*r + z. Calculate the remainder when 96 is divided by l.
21
Let u = -19 - -66. Let d = 44 - u. What is the remainder when 41 is divided by 2/8 - d/8*42?
9
Suppose 4*w = -4*m + 1988, -213 = -w + 3*m + 276. Calculate the remainder when w is divided by 1.
0
Suppose r - 2*r + 23 = 0. What is the remainder when (-2)/7 - (339/452 + 150/(-56))*94 is divided by r?
20
Let o be (18/(-8))/(-4 + (-155)/(-40)). Suppose -o*z + 13*z + 140 = 0. Calculate the remainder when 93 is divided by z.
9
Suppose 0 = -4*i - 24, 20*i - 111 = -3*g +